 4692684600?
6
What is the tens digit of 404528706?
0
What is the units digit of 2491808544?
4
What is the units digit of 201416376?
6
What is the units digit of 2117742581?
1
What is the ten thousands digit of 387388928?
8
What is the units digit of 429035936?
6
What is the tens digit of 567315750?
5
What is the ten thousands digit of 24955226?
5
What is the units digit of 1388109411?
1
What is the tens digit of 186598062?
6
What is the hundred thousands digit of 597625472?
6
What is the hundreds digit of 42068050?
0
What is the millions digit of 276066150?
6
What is the hundred thousands digit of 41624721?
6
What is the billions digit of 2906723967?
2
What is the hundred thousands digit of 34480971?
4
What is the hundred thousands digit of 176253491?
2
What is the thousands digit of 574182790?
2
What is the millions digit of 71208357?
1
What is the thousands digit of 1817246?
7
What is the ten millions digit of 103453343?
0
What is the tens digit of 1035916201?
0
What is the thousands digit of 16431704?
1
What is the millions digit of 243238494?
3
What is the tens digit of 27663745?
4
What is the tens digit of 1188958328?
2
What is the ten thousands digit of 121706937?
0
What is the ten thousands digit of 17871375?
7
What is the tens digit of 48758296?
9
What is the thousands digit of 544063467?
3
What is the units digit of 2244996262?
2
What is the hundred millions digit of 330727550?
3
What is the tens digit of 138054439?
3
What is the millions digit of 2338685703?
8
What is the units digit of 1282587629?
9
What is the units digit of 540496643?
3
What is the millions digit of 730198189?
0
What is the hundreds digit of 77667089?
0
What is the ten millions digit of 427928156?
2
What is the units digit of 594094159?
9
What is the hundred millions digit of 258670792?
2
What is the hundred thousands digit of 33307147?
3
What is the millions digit of 58823612?
8
What is the ten millions digit of 36032213?
3
What is the tens digit of 1334966288?
8
What is the tens digit of 72086204?
0
What is the ten thousands digit of 26949105?
4
What is the thousands digit of 66703531?
3
What is the ten thousands digit of 2012112118?
1
What is the thousands digit of 26930886?
0
What is the ten thousands digit of 42745957?
4
What is the ten thousands digit of 135155936?
5
What is the ten thousands digit of 11558559?
5
What is the millions digit of 176438066?
6
What is the millions digit of 133236019?
3
What is the ten millions digit of 18840024?
1
What is the hundred thousands digit of 43591921?
5
What is the tens digit of 48080666?
6
What is the hundred thousands digit of 6287713?
2
What is the hundred thousands digit of 713572?
7
What is the millions digit of 2054543292?
4
What is the millions digit of 53625439?
3
What is the ten millions digit of 15116632?
1
What is the thousands digit of 845152935?
2
What is the ten millions digit of 157418777?
5
What is the ten millions digit of 145368665?
4
What is the hundred millions digit of 127013519?
1
What is the thousands digit of 54336730?
6
What is the ten thousands digit of 1029114?
2
What is the millions digit of 239503053?
9
What is the hundreds digit of 111703769?
7
What is the millions digit of 810529761?
0
What is the ten thousands digit of 263795640?
9
What is the thousands digit of 7661538?
1
What is the units digit of 242848757?
7
What is the billions digit of 4752553541?
4
What is the units digit of 49109917?
7
What is the thousands digit of 2422848632?
8
What is the units digit of 8004071374?
4
What is the hundred thousands digit of 6987806943?
8
What is the hundred millions digit of 102469357?
1
What is the hundreds digit of 76659408?
4
What is the billions digit of 1217038608?
1
What is the tens digit of 271082265?
6
What is the ten thousands digit of 36890663?
9
What is the millions digit of 14527970?
4
What is the ten millions digit of 663298086?
6
What is the tens digit of 300517449?
4
What is the hundreds digit of 41677145?
1
What is the ten thousands digit of 76640616?
4
What is the ten millions digit of 2242149280?
4
What is the ten thousands digit of 26896931?
9
What is the hundred millions digit of 104616481?
1
What is the hundred thousands digit of 67609053?
6
What is the hundreds digit of 862087523?
5
What is the thousands digit of 2374471469?
1
What is the hundreds digit of 2477804560?
5
What is the ten millions digit of 78713989?
7
What is the ten millions digit of 10240481?
1
What is the units digit of 103431384?
4
What is the units digit of 50043991?
1
What is the thousands digit of 74540908?
0
What is the thousands digit of 732762776?
2
What is the tens digit of 80425940?
4
What is the millions digit of 75425948?
5
What is the hundred millions digit of 1124396089?
1
What is the billions digit of 4192072547?
4
What is the hundreds digit of 150859451?
4
What is the thousands digit of 3746450512?
0
What is the thousands digit of 155691390?
1
What is the hundred millions digit of 637074158?
6
What is the hundreds digit of 48824102?
1
What is the tens digit of 59186033?
3
What is the units digit of 310669809?
9
What is the hundreds digit of 85779308?
3
What is the ten thousands digit of 251264095?
6
What is the tens digit of 148452358?
5
What is the units digit of 238188477?
7
What is the hundreds digit of 460240268?
2
What is the tens digit of 2005144172?
7
What is the hundreds digit of 2907844741?
7
What is the millions digit of 268838741?
8
What is the ten millions digit of 205808822?
0
What is the units digit of 110958905?
5
What is the units digit of 1096033062?
2
What is the tens digit of 1780028130?
3
What is the units digit of 1143513?
3
What is the hundred millions digit of 176759520?
1
What is the millions digit of 42039519?
2
What is the hundreds digit of 117207276?
2
What is the ten thousands digit of 2240659511?
5
What is the ten millions digit of 1823506239?
2
What is the tens digit of 74843856?
5
What is the ten thousands digit of 15244402?
4
What is the hundred thousands digit of 28993314?
9
What is the tens digit of 364883741?
4
What is the billions digit of 4383791717?
4
What is the hundred thousands digit of 2601214306?
2
What is the millions digit of 36691582?
6
What is the ten thousands digit of 60886388?
8
What is the units digit of 98276509?
9
What is the millions digit of 4295043590?
5
What is the hundred millions digit of 1259351025?
2
What is the units digit of 172647856?
6
What is the hundreds digit of 35467818?
8
What is the tens digit of 219508280?
8
What is the tens digit of 710891676?
7
What is the ten millions digit of 38188897?
3
What is the hundreds digit of 83987867?
8
What is the hundred thousands digit of 33388533?
3
What is the ten millions digit of 59961559?
5
What is the hundred millions digit of 1057751886?
0
What is the hundreds digit of 4395624206?
2
What is the hundreds digit of 1861081227?
2
What is the ten thousands digit of 1063599589?
9
What is the hundred millions digit of 134295030?
1
What is the billions digit of 1654044799?
1
What is the ten thousands digit of 3575002365?
0
What is the hundred thousands digit of 2444259781?
2
What is the hundreds digit of 1738025147?
1
What is the millions digit of 2274507452?
4
What is the ten millions digit of 26773786?
2
What is the hundreds digit of 339934180?
1
What is the thousands digit of 12901168?
1
What is the thousands digit of 431469230?
9
What is the tens digit of 619709469?
6
What is the tens digit of 229969956?
5
What is the millions digit of 302162030?
2
What is the ten millions digit of 73563616?
7
What is the ten millions digit of 71923842?
7
What is the hundreds digit of 4672448371?
3
What is the hundreds digit of 383005957?
9
What is the units digit of 49830784?
4
What is the tens digit of 751540931?
3
What is the thousands digit of 2784755076?
5
What is the millions digit of 72166016?
2
What is the units digit of 50500133?
3
What is the thousands digit of 51681918?
1
What is the tens digit of 310263707?
0
What is the ten millions digit of 47242731?
4
What is the hundred thousands digit of 61896207?
8
What is the ten thousands digit of 5756319547?
1
What is the hundred millions digit of 1081336944?
0
What is the tens digit of 354399126?
2
What is the ten millions digit of 931415175?